hat are the prime factors of 0 - (-3)/(q/(-410))?
2, 41
Let c be (-2604)/(-63) + 6/9. Suppose -21472 - 4862 = -c*j. List the prime factors of j.
3, 11, 19
Let q = 73 - 47. Let s = 42 - q. Let j(y) = -y**3 + 15*y**2 + 18*y + 13. What are the prime factors of j(s)?
3, 5
Let y(f) = -14 + 107*f + 19*f - 6 - 9. List the prime factors of y(2).
223
Let t(d) = 17 - 143*d**2 + 23*d - 39*d + 155*d**2. List the prime factors of t(11).
3, 431
Let s(g) = 2532*g - 179. What are the prime factors of s(4)?
9949
What are the prime factors of (19 - 32783)*8/(-32)*2?
2, 8191
Let t(j) = 2*j**3 - 36*j**2 - j + 23. Let o be t(18). Suppose 101*k = o*h + 104*k - 6700, 5*h - 6695 = -2*k. List the prime factors of h.
7, 191
Let d(j) = -12*j + 1. Let p(a) = -a + 5. Let g(y) = y - 6. Let u(f) = -4*g(f) - 5*p(f). Let i(t) = d(t) + 3*u(t). What are the prime factors of i(-8)?
2, 5, 7
Let o(y) = 14*y + 78. Let k be o(18). Suppose k*s = 334*s - 644. What are the prime factors of s?
7, 23
Let u = -896 + 1136. Suppose 4*t - 1630 = -2*m + 4*m, -2*t - 2*m + 812 = 0. Let a = t - u. List the prime factors of a.
167
Let l be (1020/(-54))/(-5) - 4/(-18). Suppose 6*j + 5*v - 357 = l*j, -2*j + 2*v + 350 = 0. What are the prime factors of j?
2, 11
Let w be -5 - (0 + -3) - -5. Let a(h) = -h**3 + 9*h**2 - 2*h + 1 + 2*h**w - 2*h**3 - 2. What are the prime factors of a(-4)?
5, 43
Suppose 4 = -u + 2*r, -2 - 9 = -4*u - r. Suppose 0 = -2*k + k + 3*i, 10 = 4*k - u*i. Let w(t) = 12*t**2 + 4. What are the prime factors of w(k)?
2, 7
Suppose -9*p + 3*w - 6 = -5*p, -3*p = -5*w + 10. Suppose p = -4*m + 1887 - 19. What are the prime factors of m?
467
Let m be (-4567)/(-3) - ((-28)/(-3) - 9). Suppose -4070 = -8*v + m. List the prime factors of v.
3, 233
Let u be (-9)/1*(-4)/((-252)/(-35)). Suppose 3*b = -u*n + 557, 0*n - 4*n + 432 = -b. What are the prime factors of n?
109
Let r(h) = -9*h - 48. Let s be r(-6). Suppose 0 = s*f - 620 - 310. What are the prime factors of f?
5, 31
Let w(t) = -t**3 - 5*t**2 - t - 1. Let d be w(-8). Let c = -171 + d. What are the prime factors of c?
2, 7
Let h = 5959 - 2867. What are the prime factors of h?
2, 773
Let r(h) = h**3 + 10*h**2 + 15*h. Let f be r(-2). Let g(b) = 77*b**2 + 10*b - 11. What are the prime factors of g(f)?
317
Let g(m) = 1779*m**2 - 612*m + 1. List the prime factors of g(-3).
2, 23, 97
Let o(z) = z**2 - 14*z - 29. Let r be o(-2). Suppose 3*p = -5*w + 1380, r*p - p - 945 = 5*w. What are the prime factors of p?
3, 5, 31
Suppose f + 20575 = 4*b, 5*b - 4*b - f - 5140 = 0. What are the prime factors of b?
3, 5, 7
Let t(z) = -4*z**3 - 73*z**2 - 14*z + 397. List the prime factors of t(-24).
11, 31, 41
Let v = -28 - -49. Let z be (v + -3)*3/6. Let m = 14 - z. List the prime factors of m.
5
Suppose -152*q = -163*q + 132. Suppose -s + 746 = -5*f, q = f + 14. List the prime factors of s.
2, 23
Let h(b) = -b**2 - 12*b - 9. Let x be h(-11). Suppose 5*p + 3*n - 11 = 0, -x*p = p - 2*n - 18. Suppose -28 = -p*y - 0*y. List the prime factors of y.
7
Let n = -39 - -39. Suppose 3*c + 2*f - 214 = 0, -4 + n = -2*f. Let i = -40 + c. What are the prime factors of i?
2, 3, 5
Let l = 335 + 12520. List the prime factors of l.
3, 5, 857
Suppose -7*y + 2240 = y. Suppose -y = -2*g + 680. List the prime factors of g.
2, 3, 5
Suppose 80129 = 20*n - 13*n. Suppose -1667 = 15*x - n. What are the prime factors of x?
2, 163
List the prime factors of ((-59046)/5)/(2430/(-8100)).
2, 13, 757
List the prime factors of (0 + 86*(-10)/12)/((-1067)/966702).
2, 5, 43, 151
Let n(c) = 12*c**2 - 27*c - 137. What are the prime factors of n(-8)?
7, 11
Let s = -384 - -384. Let j(h) = -h**3 + h**2 + 10*h + 330. List the prime factors of j(s).
2, 3, 5, 11
What are the prime factors of 1/((-168677)/393596 - ((-1096)/(-56) - 20))?
2, 14057
Let j(f) = 3429*f + 5. What are the prime factors of j(9)?
2, 11, 23, 61
Suppose 0 = -2*y - 0*y + 27982. List the prime factors of y.
17, 823
Let k(s) = -6*s + 25. Let p be k(2). What are the prime factors of 2/p + (-142956)/(-286)?
2, 5
What are the prime factors of 84703010/3179 - ((-15)/33 - -1)?
2, 6661
Let n = -3362 + 11436. What are the prime factors of n?
2, 11, 367
Let g(d) = 1690*d + 824. What are the prime factors of g(4)?
2, 3, 79
Let m = -2431 - -8012. List the prime factors of m.
5581
Let z(f) = f**3 + 5*f**2 - 12*f - 4. Let x be z(-6). Let b = x - -43. Suppose -3*l + 2*l = -g - 71, b = l - 2*g. What are the prime factors of l?
67
Suppose 28*a - 668317 = -122639 + 197442. List the prime factors of a.
2, 5, 1327
Let a(s) be the first derivative of 27*s**3 - s + 186. Let t = -5 + 4. What are the prime factors of a(t)?
2, 5
Suppose 68853 = 2*u + 27*r - 30*r, -2*u - 5*r = -68877. What are the prime factors of u?
3, 23, 499
Suppose 3*h = -4*i + 74862, i - 6488 = -2*h + 12235. What are the prime factors of i?
3, 7, 11
Suppose -11*y + 95680 + 2891 = 0. List the prime factors of y.
3, 29, 103
Let v(n) = -26*n - 27 + 89*n - 27*n - 21*n. Let o be v(9). Suppose 0 = 5*u - 2*g - o - 704, 5*u - 4*g - 814 = 0. What are the prime factors of u?
2, 3
List the prime factors of ((-6278)/(-4))/((-5)/(-180)).
2, 3, 43, 73
Suppose -5*k = -5*f + 2740, 0 + 2 = -f. Let i = 333 + k. Let n = 386 + i. List the prime factors of n.
13
Suppose 3*k - 8*k + 9*x + 130189 = 0, 26021 = k + x. What are the prime factors of k?
17, 1531
Let z(p) = -2*p**2 + 18*p + 3. Let d be (-10)/(-25)*10/4 + 8. Let m be z(d). Suppose -3*c + 0*c - 251 = -5*w, -61 = -w - m*c. List the prime factors of w.
2, 13
Let n(s) = -s**3 + 26*s**2 + 43*s - 48. Let i be n(27). List the prime factors of (-6357)/5*-1 + i/(-960).
31, 41
Let g(p) = 332*p**2 + 5*p - 4. Let r = -144 + 145. List the prime factors of g(r).
3, 37
Suppose 2*k + 8 = 0, 4*c + 5*k = 1368 + 66192. List the prime factors of c.
5, 31, 109
Let u(k) = -2*k**2 + 524*k - 220. List the prime factors of u(71).
2, 13451
Let x = 2 + 2. Let v(p) = p**3 + 18*p**2 + 14*p - 53. Let l be v(-17). List the prime factors of (15/(-2))/(l/x).
3, 5
Let v(i) be the first derivative of -7*i**2/2 - 3*i + 3. Let b = -267 + 264. List the prime factors of v(b).
2, 3
Suppose -266390 = -25*i - 23*i + 31*i. What are the prime factors of i?
2, 5, 1567
Let o(m) = m**3 - 13*m**2 + 9*m + 38. Let g be o(12). Suppose -w = -p - 6*w + 487, 0 = -w + g. What are the prime factors of p?
3, 53
Let b(f) = 3*f**2 + 8*f + 4. Let v be b(6). Suppose -86 - v = -2*l. Let s = -18 + l. What are the prime factors of s?
3, 5, 7
Let o = -4777 + 7241. Suppose 0 = -5*r + 5*y + 2667 + 1393, -3*r - 4*y = -o. What are the prime factors of r?
2, 3, 17
Let j(k) = -9*k**3 - 8*k**2 - 43*k - 9. List the prime factors of j(-14).
3, 7907
What are the prime factors of (-1)/((-22)/99 - (-529)/2421)?
269
Let n(g) = 18*g**2 + 8. Suppose -4*l - 19 = -4*v - 7, 2 = -2*v. What are the prime factors of n(l)?
2, 37
Let w(x) = 16*x**2 - 179*x - 98. What are the prime factors of w(50)?
2, 53, 73
Let c(l) = l**3 - 40 + 5*l**2 - 38 + 17 + 3*l - 32*l**2 + 4*l. What are the prime factors of c(28)?
919
Let o(f) = -65*f - 68*f + 133*f - f**2 - 1. Let k(y) = -5*y**2 - 13*y + 11. Let t(x) = -k(x) + 4*o(x). What are the prime factors of t(-21)?
3, 17
Let f(b) = -6*b + 98. Let x be f(16). What are the prime factors of -158*(-1*1/x)/1?
79
Suppose 4*c + 5*o - 29 - 51 = 0, 2*c - 5*o = 10. Suppose 12*y = c*y. Suppose -2*w + 209 + 29 = y. What are the prime factors of w?
7, 17
Suppose -88*t - 2767806 = -202*t. List the prime factors of t.
3, 8093
Suppose 5*r + 4*x = -x + 595, 123 = r + 5*x. Suppose -2*a + r = 4*u, -3*a = 2*a + u - 286. What are the prime factors of 154 + -4*(a/12 + -4)?
151
Let t(s) = 85*s + 10. Let i be (-54)/(1/(-8)*-4). Let r = i - -111. What are the prime factors of t(r)?
5, 53
Suppose 34 = -w - 19. Let y = w + 165. List the prime factors of y.
2, 7
Let k = -10055 + 18723. List the prime factors of k.
2, 11, 197
Let p be (-14)/(-2) + -2*(-18)/(-12). Suppose -6*s = 4*c - p*s - 12, -2 = 2*c + 5*s. Suppose -c*z + 231 = 79. What are the prime factors of z?
2, 19
Let p(m) = -m**2 + 20*m - 16. Let f be p(19). Let k(i) = -24*i - i**f - 2*i + 2*i**3 - 22 + 2*i - 25*i**2. What are the prime factors of k(26)?
2, 3, 5
Let o = 687 - 628. Suppose 0 = 68*s - o*s - 13671. What are the prime factors of s?
7, 31
Let o(q) = 22*q + 2*q**